00333
What is 2004404 (base 5) in base 8?
76156
-6a07e9 (base 15) to base 9
-10467813
Convert 457105 (base 8) to base 5.
14431310
What is -443042023 (base 5) in base 12?
-789966
What is 254480 (base 14) in base 12?
518614
What is 21b04ac (base 13) in base 3?
201110022200021
What is -32a27 (base 14) in base 7?
-1020550
Convert -1d4605 (base 16) to base 11.
-10a0413
-12acc7b (base 13) to base 11
-33593a6
What is -10201010112 (base 3) in base 4?
-101310203
What is -10b17 (base 15) in base 3?
-2200212111
Convert -10011000100001100110 (base 2) to base 4.
-2120201212
What is 2102201001 (base 3) in base 4?
23230123
74868 (base 12) to base 4
211123100
-11200002002202 (base 3) to base 11
-1445501
48c039 (base 14) to base 15
3433bd
What is 2100200110 (base 3) in base 5?
2441200
What is -12101222102202 (base 3) in base 2?
-1010111101011111011010
11111001010000111 (base 2) to base 4
133022013
What is 13acc6 (base 13) in base 12?
1b2528
162023 (base 10) to base 13
58994
What is 149f1e (base 16) in base 5?
321221304
What is -3104233014 (base 5) in base 10?
-6321009
Convert 113124013 (base 5) to base 8.
1770474
-123e3 (base 16) to base 2
-10010001111100011
Convert 114203200 (base 5) to base 10.
537925
Convert -1035405 (base 6) to base 14.
-14c21
What is -1062793 (base 13) in base 2?
-10011000101101001100000
What is -5294a7 (base 11) in base 8?
-3166415
What is 234221203 (base 5) in base 9?
2034387
4214211011 (base 5) to base 2
100001010110001000000101
What is -1402e (base 15) in base 10?
-64169
Convert 3b36cd (base 14) to base 12.
827999
-14212311 (base 6) to base 2
-1110110001001110011
What is -14315513 (base 6) in base 13?
-1431c0
What is -eaefb (base 16) in base 6?
-32343031
Convert ce19 (base 16) to base 4.
30320121
What is 59062 (base 12) in base 9?
201582
-10411222011 (base 5) to base 2
-101011100110011011111111
12006a0 (base 11) to base 9
3842101
Convert -1036416 (base 7) to base 2.
-11111000010001111
What is 12232221 (base 4) in base 3?
1101210210
1111000001001100 (base 2) to base 13
22000
What is 266023 (base 7) in base 15?
ec9a
What is 5ca89 (base 13) in base 9?
280468
-11021202210002 (base 3) to base 16
-22c526
What is 14b162 (base 15) in base 9?
1782722
What is -122202010220 (base 3) in base 6?
-11253040
What is -405707 (base 8) in base 15?
-29ae2
What is 312854 (base 13) in base 15?
17a355
228dd (base 14) to base 15
19da8
What is 3503354 (base 6) in base 8?
536666
-320120112033 (base 4) to base 15
-146e2e6
Convert -2ea3b (base 15) to base 2.
-100100110100010110
What is 214bbb (base 12) in base 10?
527039
-10000100011110110010110 (base 2) to base 7
-51620251
Convert b149a (base 16) to base 12.
2b02a2
-4565523 (base 9) to base 15
-33a316
What is 35630514 (base 7) in base 13?
86b78b
What is 25054161 (base 8) in base 12?
1a26a69
3210021124 (base 5) to base 15
8cb25e
Convert -31556 (base 15) to base 9.
-257550
What is -25638a (base 12) in base 9?
-1132757
Convert -201101202 (base 3) to base 9.
-21352
What is 573052 (base 10) in base 6?
20141004
Convert -110166464 (base 7) to base 11.
-3813110
-4214222414 (base 5) to base 13
-1a71227
-222002120 (base 3) to base 6
-224023
-5245501 (base 6) to base 12
-103891
What is -1886304 (base 11) in base 10?
-3185450
What is 158cb65 (base 14) in base 8?
50223205
What is 2407a9 (base 13) in base 5?
204430102
What is -120584 (base 11) in base 9?
-321035
-bda79 (base 16) to base 3
-1110110121022
What is 112123130 (base 4) in base 7?
531560
What is 15103460 (base 8) in base 13?
936b92
What is -1248629 (base 10) in base 14?
-24707b
What is 6430036 (base 7) in base 10?
780352
Convert 1222311314 (base 5) to base 3.
12111222001201
What is 1546546 (base 7) in base 11?
136555
What is -22415500 (base 6) in base 11?
-42a044
-11413020 (base 5) to base 16
-1a2fc
-30b20d (base 16) to base 6
-152222325
What is -10104214112 (base 5) in base 2?
-100111000000100111101101
Convert -244201101 (base 5) to base 3.
-2012001212011
598a6 (base 11) to base 14
23620
What is 1366499 (base 10) in base 12?
55a96b
1210100201 (base 5) to base 9
5261338
-1100000100111011001 (base 2) to base 7
-3235516
47477 (base 16) to base 10
291959
Convert 15003044 (base 6) to base 8.
1753544
-221101223 (base 4) to base 14
-45883
Convert 4ab86 (base 13) to base 14.
38503
Convert 177319 (base 11) to base 3.
111212210221
What is 320011222 (base 4) in base 14?
5da1c
-10001111010100010110010 (base 2) to base 4
-101322202302
-485433 (base 10) to base 6
-14223213
What is -341aa (base 14) in base 15?
-27780
Convert 155052 (base 7) to base 2.
111011101100100
What is 306443 (base 9) in base 2?
101100011001111100
15bc5c (base 16) to base 12
588424
What is -220022021022 (base 3) in base 14?
-c64cd
542211 (base 6) to base 8
127037
Convert 291d4a (base 15) to base 7.
22556524
Convert -2432620 (base 7) to base 11.
-1a24a6
What is 1cbc28 (base 13) in base 12?
2b847a
1754177 (base 8) to base 4
1331201333
Convert -1566103 (base 8) to base 14.
-bb4b1
What is 2012111122100 (base 3) in base 15?
18207c
Convert -14211200 (base 7) to base 3.
-2111121020022
13442320 (base 5) to base 16
2242f
What is -95995a (base 11) in base 8?
-5667465
Convert -241566 (base 7) to base 5.
-2400404
-21010101121001 (base 3) to base 11
-215713a
-964979 (base 12) to base 16
-24326d
What is -1952126 (base 12) in base 6?
-310144450
Convert -42197 (base 15) to base 12.
-a1381
What is 1202120022201 (base 3) in base 8?
3444517
What is -1a04280 (base 13) in base 8?
-40471151
What is -1000000111001111110100100 (base 2) in base 3?
-1012000102202210
Convert -47226744 (base 8) to base 10.
-10300900
What is -11001110100111001111001 (base 2) in base 15?
-8db032
What is -167d7 (base 14) in base 2?
-1101110001111001
What is -766162 (base 8) in base 11?
-166212
What is 345560 (base 7) in base 12?
2ba8b
-4c97c4 (base 14) to base 12
-a72b14
What is -1638 (base 11) in base 3?
-2212201
Convert 3117076 (base 8) to base 15.
115047
Convert 1415c0b (base 15) to base 3.
1000021120222102
102122322 (base 4) to base 12
377b6
Convert -312131121102 (base 4) to base 5.
-12123314203
Convert 282475 (base 12) to base 8.
2430031
-1110100000010 (base 2) to base 5
-214201
-31012312 (base 7) to base 9
-4778807
1a9296 (base 11) to base 10
319787
1101100101001110010 (base 2) to base 10
445042
2333331020 (base 4) to base 5
200124443
Convert 211220121102101 (base 3) to base 6.
1112550401
-111122010011 (base 3) to base 7
-2165245
What is -201111100 (base 3) in base 2?
-11011110000011
Convert 11001222122122 (base 3) to base 6.
114222325
Convert -228a57 (base 11) to base 15.
-729a4
-13222101320 (base 4) to base 11
-1151862
What is 13bb04 (base 13) in base 2?
1110101111010111110
Convert 6767517 (base 8) to base 14.
35926b
What is -22122426 (base 7) in base 2?
-111010001000011111111
107340 (base 9) to base 8
175657
Convert 791bb9 (base 14) to base 2.
1111101100110001110111
Convert 33313333 (base 8) to base 3.
111111212220121
275045 (base 8) to base 6
2024101
11326347 (base 9) to base 12
1a18337
What is -377790 (base 11) in base 3?
-1010021102111
47565611 (base 8) to base 9
21533605
-bb119 (base 12) to base 6
-5144433
Convert 38514c (base 14) to base 4.
13120113000
What is -443121 (base 5) in base 11?
-10640
23fb (base 16) to base 9
13564
What is 112001441 (base 5) in base 2?
1111010001000010110
What is -3002445 (base 7) in base 12?
-150946
Convert 7217071 (base 10) to base 4.
123201332233
21011320 (base 4) to base 15
b07a
What is 1065630 (base 7) in base 4?
200233011
-55461110 (base 7) to base 12
-172a9b5
What is -1220022020 (base 3) in base 15?
-b136
Convert 1227373 (base 8) to base 15.
6a9c2
What is 5278ea (base 16) in base 11?
3061871
-63134645 (base 8) to base 9
-27218432
Convert -110001011111101010 (base 2) to base 14.
-53c4a
What is 100112012 (base 4) in base 12?
328b2
What is 360283 (base 9) in base 2?
110100111010101110
What is 5354e (base 15) in base 12?
109055
What is -12002200110 (base 3) in base 16?
-18813
Convert 50650015 (base 7) to base 6.
230401554
223038 (base 9) to base 7
1064021
What is 121003331 (base 5) in base 14?
10923c
What is 2543484 (base 11) in base 8?
20650166
Convert -1416401 (base 7) to base 11.
-11a443
-b94c2 (base 13) to base 2
-1010001101110111010
8a42a2 (base 11) to base 5
332043441
Convert 43258b (base 15) to ba